 the remainder when 573 is divided by 23?
21
What is the remainder when 7139 is divided by 70?
69
Calculate the remainder when 160 is divided by 56.
48
What is the remainder when 254 is divided by 8?
6
What is the remainder when 2072 is divided by 122?
120
What is the remainder when 18366 is divided by 64?
62
What is the remainder when 856 is divided by 179?
140
Calculate the remainder when 948 is divided by 18.
12
What is the remainder when 177 is divided by 47?
36
What is the remainder when 224 is divided by 39?
29
What is the remainder when 2438 is divided by 57?
44
What is the remainder when 628 is divided by 176?
100
What is the remainder when 436 is divided by 44?
40
What is the remainder when 492 is divided by 19?
17
Calculate the remainder when 323 is divided by 6.
5
What is the remainder when 454 is divided by 447?
7
What is the remainder when 258 is divided by 13?
11
Calculate the remainder when 142 is divided by 31.
18
What is the remainder when 189 is divided by 28?
21
What is the remainder when 69 is divided by 13?
4
What is the remainder when 12748 is divided by 102?
100
What is the remainder when 135 is divided by 112?
23
What is the remainder when 17868 is divided by 167?
166
What is the remainder when 343 is divided by 58?
53
What is the remainder when 426 is divided by 24?
18
Calculate the remainder when 126 is divided by 77.
49
What is the remainder when 10169 is divided by 90?
89
Calculate the remainder when 31 is divided by 18.
13
What is the remainder when 712 is divided by 143?
140
Calculate the remainder when 3703 is divided by 131.
35
What is the remainder when 345 is divided by 23?
0
Calculate the remainder when 90 is divided by 26.
12
What is the remainder when 1167 is divided by 39?
36
What is the remainder when 559 is divided by 80?
79
What is the remainder when 422 is divided by 138?
8
What is the remainder when 1696 is divided by 9?
4
Calculate the remainder when 6509 is divided by 133.
125
Calculate the remainder when 1114 is divided by 16.
10
What is the remainder when 5845 is divided by 1946?
7
Calculate the remainder when 132 is divided by 30.
12
What is the remainder when 604 is divided by 118?
14
Calculate the remainder when 373 is divided by 33.
10
Calculate the remainder when 84 is divided by 12.
0
What is the remainder when 1171 is divided by 237?
223
What is the remainder when 135 is divided by 28?
23
What is the remainder when 98 is divided by 4?
2
Calculate the remainder when 2308 is divided by 257.
252
Calculate the remainder when 197 is divided by 8.
5
Calculate the remainder when 47 is divided by 9.
2
What is the remainder when 109 is divided by 44?
21
What is the remainder when 4615 is divided by 769?
1
Calculate the remainder when 2073 is divided by 32.
25
What is the remainder when 492 is divided by 45?
42
What is the remainder when 64 is divided by 24?
16
What is the remainder when 1664 is divided by 7?
5
Calculate the remainder when 157 is divided by 15.
7
Calculate the remainder when 2828 is divided by 283.
281
What is the remainder when 419 is divided by 7?
6
What is the remainder when 245 is divided by 79?
8
What is the remainder when 320 is divided by 46?
44
What is the remainder when 388 is divided by 117?
37
What is the remainder when 1671 is divided by 19?
18
Calculate the remainder when 231 is divided by 31.
14
Calculate the remainder when 110 is divided by 62.
48
Calculate the remainder when 34 is divided by 27.
7
What is the remainder when 8538 is divided by 117?
114
Calculate the remainder when 3038 is divided by 11.
2
Calculate the remainder when 136 is divided by 63.
10
Calculate the remainder when 3070 is divided by 48.
46
Calculate the remainder when 58 is divided by 5.
3
What is the remainder when 297 is divided by 143?
11
Calculate the remainder when 341 is divided by 6.
5
Calculate the remainder when 4358 is divided by 91.
81
Calculate the remainder when 1834 is divided by 24.
10
Calculate the remainder when 2354 is divided by 6.
2
Calculate the remainder when 2267 is divided by 63.
62
What is the remainder when 972 is divided by 108?
0
What is the remainder when 3968 is divided by 159?
152
Calculate the remainder when 52330 is divided by 147.
145
What is the remainder when 362 is divided by 122?
118
What is the remainder when 3953 is divided by 97?
73
Calculate the remainder when 215 is divided by 3.
2
Calculate the remainder when 400 is divided by 102.
94
Calculate the remainder when 27 is divided by 16.
11
Calculate the remainder when 19 is divided by 12.
7
What is the remainder when 473 is divided by 19?
17
What is the remainder when 1352 is divided by 272?
264
What is the remainder when 166 is divided by 9?
4
Calculate the remainder when 1942 is divided by 24.
22
What is the remainder when 729 is divided by 12?
9
Calculate the remainder when 110 is divided by 32.
14
Calculate the remainder when 1383 is divided by 19.
15
Calculate the remainder when 8107 is divided by 51.
49
What is the remainder when 220 is divided by 7?
3
What is the remainder when 350 is divided by 62?
40
What is the remainder when 2662 is divided by 74?
72
Calculate the remainder when 4771 is divided by 14.
11
Calculate the remainder when 513 is divided by 100.
13
What is the remainder when 554 is divided by 275?
4
What is the remainder when 1163 is divided by 22?
19
Calculate the remainder when 34 is divided by 16.
2
What is the remainder when 165 is divided by 17?
12
What is the remainder when 382 is divided by 65?
57
What is the remainder when 197 is divided by 70?
57
What is the remainder when 25 is divided by 13?
12
What is the remainder when 2235 is divided by 66?
57
What is the remainder when 28023 is divided by 95?
93
What is the remainder when 81 is divided by 36?
9
What is the remainder when 3246 is divided by 171?
168
Calculate the remainder when 75 is divided by 23.
6
What is the remainder when 50 is divided by 26?
24
What is the remainder when 1820 is divided by 83?
77
Calculate the remainder when 50 is divided by 30.
20
What is the remainder when 1880 is divided by 41?
35
What is the remainder when 186 is divided by 39?
30
What is the remainder when 1138 is divided by 3?
1
What is the remainder when 150 is divided by 19?
17
What is the remainder when 552 is divided by 151?
99
Calculate the remainder when 535 is divided by 77.
73
Calculate the remainder when 728 is divided by 32.
24
Calculate the remainder when 10875 is divided by 37.
34
What is the remainder when 203 is divided by 6?
5
Calculate the remainder when 1036 is divided by 6.
4
Calculate the remainder when 165 is divided by 16.
5
Calculate the remainder when 158 is divided by 147.
11
Calculate the remainder when 857 is divided by 123.
119
What is the remainder when 165 is divided by 52?
9
What is the remainder when 1021 is divided by 169?
7
What is the remainder when 84 is divided by 31?
22
What is the remainder when 36 is divided by 5?
1
What is the remainder when 466 is divided by 36?
34
What is the remainder when 601 is divided by 29?
21
Calculate the remainder when 86 is divided by 17.
1
What is the remainder when 178 is divided by 47?
37
What is the remainder when 306 is divided by 79?
69
Calculate the remainder when 370 is divided by 47.
41
Calculate the remainder when 238 is divided by 163.
75
What is the remainder when 1553 is divided by 96?
17
Calculate the remainder when 400 is divided by 67.
65
What is the remainder when 647 is divided by 194?
65
What is the remainder when 5995 is divided by 15?
10
Calculate the remainder when 140 is divided by 90.
50
What is the remainder when 347 is divided by 82?
19
Calculate the remainder when 16457 is divided by 22.
1
What is the remainder when 335 is divided by 48?
47
Calculate the remainder when 894 is divided by 187.
146
Calculate the remainder when 30273 is divided by 87.
84
What is the remainder when 419 is divided by 135?
14
Calculate the remainder when 725 is divided by 110.
65
Calculate the remainder when 66 is divided by 44.
22
What is the remainder when 924 is divided by 451?
22
Calculate the remainder when 106 is divided by 62.
44
What is the remainder when 626 is divided by 62?
6
What is the remainder when 1153 is divided by 33?
31
Calculate the remainder when 1